 + 3 = 4*b, 3*b = -5*x + n. Suppose -x*u + 354 = -3*u. Is u composite?
True
Suppose -32*r - 10*r + 215418 = 0. Is r prime?
False
Let g(a) = -a**3 + a**2 - a - 1. Let c be g(-1). Suppose -4*n + 12 = m, c*m - 1 = 3*n + 1. Is (13 - n)*(19 - 0) a prime number?
False
Let d = -111 + -6. Let c = 143 + d. Is c prime?
False
Let t(p) = 146*p**2 - 5*p + 4. Let l(x) = -146*x**2 + 4*x - 3. Let m(z) = -5*l(z) - 4*t(z). Suppose 7 = -5*y - 3. Is m(y) prime?
False
Let l be (-48)/(-15) - (21/5 - 4). Is 2951/l + 2*3/(-9) a prime number?
True
Suppose 14 + 7 = -3*b. Is 28/7 - 25*b composite?
False
Let l(i) = i**2 - 2*i + 409. Let h(r) = -r**3 + 9*r**2 - 16*r - 12. Let t be h(6). Is l(t) a prime number?
True
Let i(n) = 208*n**3 + 3*n + 12. Is i(5) a prime number?
False
Let q = -48925 - -87828. Is q composite?
False
Let a be (-2)/(2/(-7) + 0). Let t = -585 + 588. Suppose -5*u - 2*c = -477, 396 = -t*u + a*u - 2*c. Is u composite?
False
Is 86401 + -15 + 2 + 20/4 prime?
False
Let c = 1001 + -490. Is c composite?
True
Suppose 2*j - 5*l - 23 = -0*l, 4*j = 2*l + 54. Suppose 6*p - j*p = -5192. Is p composite?
True
Let k(p) = -p**3 - 6*p**2. Let j be k(-6). Suppose -5*n + j*g + 269 = -4*g, -214 = -4*n + 2*g. Is n a composite number?
False
Let r(q) = 7 - 13 + 4 + 939*q. Is r(1) composite?
False
Let q(a) = -4*a - 1. Let m be q(-1). Suppose 12 = 2*f + 2*f, m*p - 2391 = f. Suppose -2*u - j + 3*j = -p, 0 = -5*u + 2*j + 1989. Is u composite?
False
Let c(a) = -833*a - 4. Is c(-3) a composite number?
True
Let w(x) = x**3 + 6*x**2 - 7*x + 2. Let v be w(-7). Suppose -1677 = -v*p + 845. Is p prime?
False
Let x = -939 - -2416. Is x composite?
True
Suppose 19778 = 17*j - 15123. Is j a composite number?
False
Let c(j) = -j - 5. Let n be c(1). Let y(a) = -26*a - 14. Is y(n) a prime number?
False
Suppose -3*y + h = 2*h - 25, -5*y = -5*h - 75. Suppose 2*r = -2*d - 46, 4*d - 4*r + 58 = -74. Is (-892)/y*70/d composite?
False
Let w(v) = 3*v - 4. Let c be w(2). Suppose 5*x + 6*d - 2*d = 4390, c*d = 2*x - 1756. Is x prime?
False
Suppose q = -6*q + 12698. Let o = q - 3980. Let w = o + 3263. Is w a composite number?
False
Let t = 6 + -3. Suppose -2*j + 939 = 3*p, 2*p - 1 = t*p. Suppose 4*x = -x - 4*z + j, 4*x - 376 = -3*z. Is x composite?
True
Let r(c) = -21*c - 164. Is r(-29) a prime number?
False
Let a(j) = -2 - 18*j**2 - 10*j + 24 + 2*j**3 - 3*j**3. Is a(-19) a composite number?
True
Let l(n) = n**3 + 38*n**2 + 61*n + 57. Is l(-35) a composite number?
False
Suppose -5*o - 16*i + 25725 = -18*i, 2*i - 25745 = -5*o. Is o composite?
False
Let b be 6/(-30) + 16/5. Suppose -3760 = -5*l + q + 4*q, l = b*q + 742. Is l a prime number?
True
Suppose -20 + 4 = -4*s. Let k be (0/(-5))/((-4)/4). Suppose k = s*q + q - 295. Is q prime?
True
Suppose -3*s = a - 1, -3*a = 3*s + 2*a - 5. Suppose f - 2*f = s. Suppose f = -o + 6*o - 555. Is o a composite number?
True
Suppose -3*m + 2*o = -2*m - 160, 3*o + 12 = 0. Let r = 71 - m. Is (-2)/18 - 11754/r a composite number?
True
Suppose x + 3859 = 2*x. Is x a composite number?
True
Suppose -2350 = -9*m - 631. Is m a prime number?
True
Let f(w) = w**2 - 8*w + 3. Let d be f(8). Suppose 610 = d*q + 172. Is q a composite number?
True
Let l be (-10)/(-4 - (-2 - 3)). Let b = -7 - l. Suppose 0 = -b*c - 4 + 25. Is c composite?
False
Let b = -6 - -34. Let w = b - -209. Is w a prime number?
False
Suppose 10*t + 6368 = 25398. Is t composite?
True
Let n = 446 - -493. Let i = n - 622. Is i prime?
True
Let r(h) be the second derivative of 5*h**4/12 - h**2/2 - 3*h. Suppose 4*m - 12 + 4 = 0. Is r(m) prime?
True
Let m(h) = 145*h + 6. Let l be m(-3). Let y = l - -1148. Is y prime?
True
Suppose 5*t = 3*f - 1041, -4*t = -4*f - f + 1735. Suppose 7*x = 8*x - f. Is x a composite number?
False
Is 259400/35 + 24/(-56) composite?
False
Let t = 2590 - -2251. Is t a prime number?
False
Suppose -2*n + 8 = -0*n. Suppose y = -n + 16. Suppose 0 = -3*r - v + 15, -5*v = 4*r + 3 - y. Is r prime?
False
Is 42/(-7) + 10 - (-9001)/1 a composite number?
True
Suppose p = -h + 709, -5*h - 4*p + 3537 = -p. Suppose 4*y - 71 = h. Is y prime?
False
Let n = 21 - 18. Suppose 12 = 3*g - 3*b, 5*b + 19 = g + n*g. Is 1 + (-5 + g - -136) prime?
False
Let y = 2 + -5. Let l = 2 - y. Suppose -f + 383 = 3*o, -629 = -5*o - 2*f + l*f. Is o a prime number?
True
Suppose 4*d + 3*k + 0*k = 31, -5*d - 5*k = -45. Let v(r) = r**2 - r - 3 - 4*r - 4*r + d*r. Is v(10) a composite number?
False
Let b(y) = -y**3 + 27*y**2 + 26*y - 51. Let w be 12/(-3 + 0) - (8 - 34). Is b(w) a prime number?
False
Suppose 0 = 30*d - 39*d + 56655. Is d a composite number?
True
Is (3 - 0)/(8/59144) a composite number?
True
Let t = -5 - -8. Suppose 22 = 4*j + v, -t*v = -5*j - 0*v + 36. Suppose -k + 54 = a, -k + j*k + 5 = 0. Is a a composite number?
True
Let a be (-259)/(-49) - (-2)/(-7). Suppose p + 5*s = 4*p - 122, 3*p + a*s - 112 = 0. Is p composite?
True
Suppose 0 = 2*j - 4*z - 2612 - 65742, 3*j + 5*z = 102542. Is j composite?
True
Suppose 5*g = 6 + 4. Suppose -g*u = -h + 535, -3*h - 2*u - u + 1578 = 0. Is h composite?
True
Suppose -3*l + 27148 = 4*q + 110, 5*l = -q + 6751. Is q a prime number?
True
Let l(t) = -t**3 + 3*t**2 + 10*t + 31. Let o be l(-19). Suppose 14*x - o = 8331. Is x prime?
True
Let x(n) = 2*n**3 + n**2. Let u be x(1). Let m be (-4)/(-18) - (553/(-63) - -4). Suppose -403 = -5*o + z - m*z, u*o - 235 = z. Is o composite?
False
Let s(y) = 228*y**2 - 13*y + 5. Is s(3) a composite number?
True
Let w = 1418 + 6641. Is w prime?
True
Let h(c) = 92*c**2 - 30*c - 9. Is h(-10) prime?
True
Let s(y) = -5*y**3 - 2*y**2 - 2*y + 4. Suppose -27 = 7*w + 8. Is s(w) a prime number?
False
Let j be 0*(-1)/(3 - 5). Suppose j = 4*k - l - 0*l - 1271, -k + 304 = -3*l. Is k prime?
False
Suppose 0 = 94*p - 100*p + 3342. Is p composite?
False
Suppose -14*c = -80599 + 17109. Is c a prime number?
False
Let z(i) = 577*i**2 + 28*i - 120. Is z(7) a prime number?
True
Let y be (-7)/21 - 4070/(-6). Suppose 3*z - 855 = y. Is z a composite number?
True
Is 98623 - 4 - (-7)/(-14)*-4 a prime number?
True
Let p(y) = 0*y**2 - 11 - 13*y + 0*y**2 + 0*y**2 + 4*y**2. Is p(12) a composite number?
False
Suppose -3*l = 3*n + 6107 - 106031, -4*n = 3*l - 99919. Is l prime?
False
Let l(c) = -25*c**3 + 8*c**2 + 4*c + 21. Let f be l(-12). Is (-2)/3 - f/(-27) prime?
False
Let y(c) = 6*c**2 - 2*c + 11. Suppose 13*m - 40 = 17*m. Is y(m) a prime number?
True
Let k be 99/11 + 1*-3. Suppose -9630 = 5*d - k*d. Suppose -3576 = 6*y - d. Is y prime?
True
Let t(z) = 127*z - 103. Is t(10) composite?
True
Suppose 2153 + 1430 = 3*r + 4*d, -2*d = -8. Is r a composite number?
True
Let v be (1244/(-8))/((-5)/10). Suppose i + 3*c - 407 = v, -25 = 5*c. Is i a prime number?
True
Suppose 5*a - a = 32. Suppose 0 = -5*q - a - 22. Is 388 + q + -5 + 2 a composite number?
False
Is (22702/(-3))/(30/9 - 4) prime?
True
Let m(d) = d**2 + 7*d + 6. Let a be m(-6). Suppose 0 = 2*q + q + 15, -2*c - 4*q - 296 = a. Is (c/(-12))/(2/8) prime?
False
Let r = 146 + -68. Let p = r - -175. Is p prime?
False
Let i(b) = -b**2 + 16*b - 9. Let c be (-2)/(-1) + -2 + 13. Let o = c + -3. Is i(o) composite?
True
Let u = 4345 - 2268. Is u prime?
False
Let t(j) = 627*j + 7. Is t(2) a prime number?
False
Suppose -2*i + 2*q + 26 = 0, -3*i - q - 3*q = -25. Let j be i - ((-8)/(-4) + -2). Let r(p) = 6*p - 11. Is r(j) a composite number?
True
Suppose 10*i - 6*i + 24 = 0. Let o(g) = -2*g**3 - 6*g**2 - 4*g + 7. Let k be o(i). Let w = k + -144. Is w composite?
False
Let p(x) = 197*x**3 + 4*x**2 - 4*x + 4. Is p(3) a prime number?
True
Suppose -237 = 2*j - 33. Let u = -53 - j. Suppose 2*b - 5*s = u + 42, -2*s = -3*b + 131. Is b a prime number?
True
Let c(h) = 2*h**2 - 16*h - 7. Let w = 1 - -10. Suppose -57 = 5*q - q - 5*s, 2*q + s + w = 0. Is c(q) prime?
False
Let g be (5/15)/((-2)/(-954)). Suppose 0*i - i + 92 = 0. Let l = g - i. Is l prime?
True
Let k be -284 - (-6 - 9/(-3)). Let b = k - -404. Is b a prime number?
False
Let s = 9226 + -3413. Is s a composite number?
False
Let t be 1/(-2) - (-3)/2. Suppose 0 = -2*c + 2*u + 464, -2*u + t + 5 = 0. Is c composite?
True
Let q(s) = -7*s**2 + 3*s + 2. Let v be q(-1). Let i(y) = 2*y**3 + 2*y**2 + 4. Let x be i(-3). Is 8/x - 1498/v a composite number?
True
Suppose -13*k + 170 = -19031. Is k prime?
False
Is (-6